?
3, 25118777
List the prime factors of 29028928.
2, 17, 26681
What are the prime factors of 312413456?
2, 19525841
List the prime factors of 2743703477.
41, 1723, 38839
List the prime factors of 375752430.
2, 3, 5, 109, 38303
What are the prime factors of 78823988?
2, 43, 79, 5801
What are the prime factors of 11015180?
2, 5, 11, 50069
List the prime factors of 65129674.
2, 32564837
List the prime factors of 19103248.
2, 23, 37, 61
What are the prime factors of 64666648?
2, 109, 74159
What are the prime factors of 454740927?
3, 19, 557, 14323
List the prime factors of 32819047.
32819047
List the prime factors of 3649916.
2, 23, 97, 409
List the prime factors of 3515564463.
3, 1171854821
List the prime factors of 479187830.
2, 5, 11, 239, 1657
What are the prime factors of 767209601?
15467, 49603
What are the prime factors of 852122985?
3, 5, 7, 193, 6007
List the prime factors of 265278210.
2, 3, 5, 8842607
What are the prime factors of 217474816?
2, 13, 101, 647
What are the prime factors of 2224932668?
2, 7, 79461881
What are the prime factors of 55546752?
2, 3, 17, 67, 127
What are the prime factors of 128880123?
3, 71, 605071
List the prime factors of 197881762.
2, 13, 307, 1907
List the prime factors of 4984731763.
11, 453157433
List the prime factors of 148495412.
2, 13, 19, 150299
What are the prime factors of 70509220?
2, 5, 3525461
List the prime factors of 4106664.
2, 3, 57037
What are the prime factors of 808851182?
2, 404425591
List the prime factors of 2582293636.
2, 13, 103, 37087
What are the prime factors of 84010327?
84010327
What are the prime factors of 2018263760?
2, 5, 25228297
List the prime factors of 4493203434.
2, 3, 2699, 30829
List the prime factors of 29643511.
47, 630713
List the prime factors of 2325381335.
5, 465076267
What are the prime factors of 124935150?
2, 3, 5, 71, 11731
List the prime factors of 376751142.
2, 3, 6976873
List the prime factors of 84138416.
2, 23, 228637
List the prime factors of 4857246909.
3, 137, 3939373
What are the prime factors of 20087765?
5, 4017553
What are the prime factors of 159096952?
2, 7, 569, 4993
What are the prime factors of 403499994?
2, 3, 23, 61, 47933
What are the prime factors of 5676746275?
5, 37, 6137023
What are the prime factors of 4084902294?
2, 3, 11, 61892459
What are the prime factors of 148895171?
79, 1884749
What are the prime factors of 108671042?
2, 337, 161233
What are the prime factors of 52691420?
2, 5, 79, 33349
List the prime factors of 244949953.
37, 61, 108529
What are the prime factors of 320330435?
5, 43, 1489909
List the prime factors of 668949725.
5, 241, 111029
What are the prime factors of 67920088?
2, 29, 292759
List the prime factors of 1842450065.
5, 1063, 346651
What are the prime factors of 1217084341?
11, 43, 281, 9157
List the prime factors of 210403499.
59, 191, 18671
List the prime factors of 4414888506.
2, 3, 7, 47, 2236519
What are the prime factors of 52341907?
127, 367, 1123
What are the prime factors of 122777510?
2, 5, 2699, 4549
List the prime factors of 257616833.
59, 127, 34381
What are the prime factors of 1140189749?
30367, 37547
What are the prime factors of 5108622667?
23, 919, 241691
List the prime factors of 147238757.
2591, 56827
What are the prime factors of 177586381?
7, 23, 67, 101, 163
What are the prime factors of 25640838?
2, 3, 107, 13313
What are the prime factors of 33822707?
17, 1989571
List the prime factors of 5850560078.
2, 11, 53, 5017633
List the prime factors of 39017622.
2, 3, 7, 18959
List the prime factors of 113187628.
2, 863, 32789
List the prime factors of 280794608.
2, 1559, 11257
List the prime factors of 1031010229.
1031010229
List the prime factors of 69956132.
2, 1459, 11987
List the prime factors of 1029796654.
2, 37, 13916171
List the prime factors of 74665817.
53, 1408789
What are the prime factors of 246958892?
2, 61739723
List the prime factors of 1862269583.
1873, 994271
What are the prime factors of 1944191398?
2, 271, 439, 8171
What are the prime factors of 6611759698?
2, 367, 1031, 8737
List the prime factors of 115293662.
2, 11, 5240621
List the prime factors of 84397980.
2, 3, 5, 1406633
What are the prime factors of 124322353?
124322353
What are the prime factors of 152274701?
5521, 27581
What are the prime factors of 64172361?
3, 11, 113, 17209
What are the prime factors of 98079899?
7817, 12547
What are the prime factors of 3089796035?
5, 14557, 42451
What are the prime factors of 339168640?
2, 5, 37, 14323
List the prime factors of 2420188250.
2, 5, 199, 48647
What are the prime factors of 1488481867?
131, 11362457
List the prime factors of 49107573.
3, 1818799
What are the prime factors of 310268901?
3, 103422967
What are the prime factors of 26291809?
17, 811, 1907
What are the prime factors of 1511272277?
307, 4922711
List the prime factors of 116820011.
7, 11, 1517143
List the prime factors of 11345799.
3, 97, 127, 307
List the prime factors of 20878702.
2, 13, 803027
List the prime factors of 31198070.
2, 5, 3119807
What are the prime factors of 133165930?
2, 5, 17, 783329
What are the prime factors of 3096125873?
5813, 532621
What are the prime factors of 4207348780?
2, 5, 210367439
What are the prime factors of 300163188?
2, 3, 13, 61, 31543
What are the prime factors of 21104119?
461, 45779
What are the prime factors of 28228831?
28228831
List the prime factors of 1371384770.
2, 5, 7, 29, 675559
List the prime factors of 426396622.
2, 213198311
List the prime factors of 1164888955.
5, 19, 1759, 6971
List the prime factors of 8280915234.
2, 3, 6661, 207199
List the prime factors of 780676320.
2, 3, 5, 37, 113, 389
List the prime factors of 36435666.
2, 3, 61, 99551
What are the prime factors of 620705073?
3, 61, 3391831
List the prime factors of 144080637.
3, 48026879
List the prime factors of 970279703.
47, 179, 115331
What are the prime factors of 550019662?
2, 47, 919, 6367
List the prime factors of 329477059.
4027, 81817
What are the prime factors of 2983457882?
2, 29, 283, 181763
What are the prime factors of 209164741?
1289, 162269
What are the prime factors of 24898641?
3, 8299547
What are the prime factors of 54677611?
19, 1283, 2243
List the prime factors of 2700953368.
2, 31, 10890941
List the prime factors of 434271.
3, 144757
List the prime factors of 280475959.
280475959
What are the prime factors of 35082272?
2, 67, 16363
List the prime factors of 3310946366.
2, 7, 13, 2598859
List the prime factors of 567872876.
2, 59, 2406241
List the prime factors of 456515633.
7, 65216519
What are the prime factors of 33280874?
2, 11, 1512767
What are the prime factors of 103670299?
337, 307627
List the prime factors of 52188413.
229, 349, 653
What are the prime factors of 889530496?
2, 6949457
What are the prime factors of 108346255?
5, 1511, 14341
What are the prime factors of 1163891012?
2, 290972753
List the prime factors of 1218994894.
2, 13, 17, 19, 23, 6311
What are the prime factors of 144855297?
3, 19, 61, 1543
What are the prime factors of 835234140?
2, 3, 5, 13, 17, 62989
What are the prime factors of 4395403445?
5, 27479, 31991
What are the prime factors of 39654337?
139, 285283
List the prime factors of 70268472.
2, 3, 108439
List the prime factors of 555807102.
2, 3, 92634517
List the prime factors of 350443700.
2, 5, 3504437
What are the prime factors of 483860516?
2, 41, 613, 4813
What are the prime factors of 8256619?
7, 29, 89, 457
List the prime factors of 5560510777.
5560510777
What are the prime factors of 164233913?
1783, 92111
List the prime factors of 118096033.
11, 29, 370207
List the prime factors of 3214721.
191, 16831
What are the prime factors of 172467760?
2, 5, 89, 24223
List the prime factors of 3956485731.
3, 11, 797, 150431
List the prime factors of 570313686.
2, 3, 479, 198439
What are the prime factors of 41358883?
1151, 35933
List the prime factors of 9145167.
3, 17, 179317
What are the prime factors of 49992292?
2, 7, 1785439
List the prime factors of 2442890337.
3, 5483, 148513
What are the prime factors of 3028181?
13, 232937
What are the prime factors of 108619693?
7, 13, 73, 83, 197
List the prime factors of 1134065613.
3, 3761, 100511
List the prime factors of 463021903.
61, 7590523
What are the prime factors of 77445706?